s the remainder when 387 is divided by 26?
23
Calculate the remainder when 5239 is divided by 92.
87
Calculate the remainder when 1579 is divided by 72.
67
What is the remainder when 2629 is divided by 94?
91
Calculate the remainder when 198 is divided by 5.
3
What is the remainder when 86 is divided by 47?
39
Calculate the remainder when 81 is divided by 4.
1
What is the remainder when 415 is divided by 36?
19
Calculate the remainder when 834 is divided by 119.
1
Calculate the remainder when 314 is divided by 4.
2
Calculate the remainder when 251 is divided by 14.
13
What is the remainder when 1076 is divided by 183?
161
Calculate the remainder when 28272 is divided by 25.
22
What is the remainder when 887 is divided by 63?
5
What is the remainder when 428 is divided by 214?
0
Calculate the remainder when 2400 is divided by 9.
6
What is the remainder when 132 is divided by 36?
24
Calculate the remainder when 371 is divided by 306.
65
What is the remainder when 6785 is divided by 13?
12
Calculate the remainder when 106 is divided by 40.
26
Calculate the remainder when 44728 is divided by 14.
12
Calculate the remainder when 64 is divided by 15.
4
What is the remainder when 496 is divided by 50?
46
Calculate the remainder when 625 is divided by 99.
31
Calculate the remainder when 1769 is divided by 15.
14
What is the remainder when 279 is divided by 83?
30
Calculate the remainder when 418 is divided by 70.
68
What is the remainder when 429 is divided by 86?
85
Calculate the remainder when 9314 is divided by 34.
32
What is the remainder when 234 is divided by 52?
26
Calculate the remainder when 653 is divided by 76.
45
Calculate the remainder when 883 is divided by 34.
33
Calculate the remainder when 4100 is divided by 7.
5
Calculate the remainder when 216 is divided by 48.
24
What is the remainder when 787 is divided by 79?
76
What is the remainder when 2729 is divided by 195?
194
Calculate the remainder when 251 is divided by 111.
29
What is the remainder when 879 is divided by 177?
171
What is the remainder when 292 is divided by 99?
94
What is the remainder when 68 is divided by 12?
8
What is the remainder when 11307 is divided by 263?
261
Calculate the remainder when 40 is divided by 17.
6
Calculate the remainder when 4363 is divided by 36.
7
Calculate the remainder when 468 is divided by 25.
18
What is the remainder when 1252 is divided by 114?
112
What is the remainder when 49 is divided by 47?
2
What is the remainder when 245 is divided by 29?
13
What is the remainder when 799 is divided by 12?
7
Calculate the remainder when 330 is divided by 26.
18
Calculate the remainder when 76 is divided by 9.
4
What is the remainder when 269 is divided by 90?
89
Calculate the remainder when 1361 is divided by 44.
41
What is the remainder when 222 is divided by 168?
54
Calculate the remainder when 119 is divided by 24.
23
What is the remainder when 67 is divided by 17?
16
What is the remainder when 292 is divided by 99?
94
Calculate the remainder when 244 is divided by 51.
40
Calculate the remainder when 141 is divided by 74.
67
What is the remainder when 3599 is divided by 75?
74
What is the remainder when 531 is divided by 115?
71
What is the remainder when 92 is divided by 18?
2
Calculate the remainder when 1311 is divided by 26.
11
What is the remainder when 216 is divided by 58?
42
Calculate the remainder when 252 is divided by 120.
12
What is the remainder when 526 is divided by 86?
10
What is the remainder when 4448 is divided by 1109?
12
Calculate the remainder when 33850 is divided by 39.
37
Calculate the remainder when 2001 is divided by 655.
36
Calculate the remainder when 1634 is divided by 812.
10
Calculate the remainder when 67 is divided by 20.
7
Calculate the remainder when 416 is divided by 33.
20
What is the remainder when 3457 is divided by 573?
19
What is the remainder when 10725 is divided by 37?
32
Calculate the remainder when 98 is divided by 8.
2
Calculate the remainder when 7893 is divided by 141.
138
What is the remainder when 837 is divided by 28?
25
Calculate the remainder when 679 is divided by 196.
91
Calculate the remainder when 2433 is divided by 42.
39
What is the remainder when 158 is divided by 16?
14
What is the remainder when 97 is divided by 2?
1
What is the remainder when 120 is divided by 59?
2
Calculate the remainder when 6705 is divided by 172.
169
Calculate the remainder when 93 is divided by 27.
12
What is the remainder when 103 is divided by 10?
3
Calculate the remainder when 57 is divided by 19.
0
Calculate the remainder when 574 is divided by 48.
46
Calculate the remainder when 280 is divided by 71.
67
Calculate the remainder when 1324 is divided by 1322.
2
What is the remainder when 11500 is divided by 18?
16
Calculate the remainder when 88 is divided by 68.
20
Calculate the remainder when 83 is divided by 25.
8
Calculate the remainder when 530 is divided by 19.
17
What is the remainder when 267 is divided by 128?
11
Calculate the remainder when 296 is divided by 36.
8
Calculate the remainder when 1232 is divided by 175.
7
What is the remainder when 176 is divided by 50?
26
What is the remainder when 1707 is divided by 35?
27
What is the remainder when 417 is divided by 60?
57
Calculate the remainder when 176 is divided by 1.
0
What is the remainder when 2286 is divided by 88?
86
What is the remainder when 265 is divided by 67?
64
Calculate the remainder when 973 is divided by 58.
45
What is the remainder when 2514 is divided by 34?
32
What is the remainder when 2428 is divided by 35?
13
Calculate the remainder when 1768 is divided by 353.
3
What is the remainder when 404 is divided by 134?
2
Calculate the remainder when 4345 is divided by 335.
325
What is the remainder when 497 is divided by 53?
20
What is the remainder when 579 is divided by 5?
4
Calculate the remainder when 383 is divided by 96.
95
Calculate the remainder when 712 is divided by 104.
88
Calculate the remainder when 1071 is divided by 76.
7
Calculate the remainder when 4059 is divided by 4.
3
What is the remainder when 132 is divided by 40?
12
What is the remainder when 1200 is divided by 22?
12
Calculate the remainder when 183 is divided by 95.
88
What is the remainder when 6 is divided by 5?
1
What is the remainder when 4184 is divided by 131?
123
What is the remainder when 276 is divided by 243?
33
What is the remainder when 935 is divided by 72?
71
What is the remainder when 285 is divided by 17?
13
Calculate the remainder when 149 is divided by 12.
5
What is the remainder when 541 is divided by 152?
85
Calculate the remainder when 1168 is divided by 45.
43
Calculate the remainder when 1026 is divided by 386.
254
Calculate the remainder when 1103 is divided by 53.
43
What is the remainder when 1290 is divided by 38?
36
What is the remainder when 176 is divided by 12?
8
Calculate the remainder when 3927 is divided by 783.
12
Calculate the remainder when 109 is divided by 55.
54
What is the remainder when 198 is divided by 50?
48
Calculate the remainder when 149 is divided by 50.
49
What is the remainder when 651 is divided by 6?
3
Calculate the remainder when 2541 is divided by 85.
76
Calculate the remainder when 88 is divided by 18.
16
What is the remainder when 483 is divided by 186?
111
What is the remainder when 2048 is divided by 1018?
12
What is the remainder when 33186 is divided by 11?
10
What is the remainder when 124 is divided by 19?
10
What is the remainder when 730 is divided by 32?
26
What is the remainder when 2239 is divided by 14?
13
Calculate the remainder when 116 is divided by 75.
41
What is the remainder when 3693 is divided by 24?
21
What is the remainder when 2545 is divided by 134?
133
What is the remainder when 5441 is divided by 80?
1
Calculate the remainder when 9409 is divided by 13.
10
What is the remainder when 398 is divided by 38?
18
Calculate the remainder when 466 is divided by 9.
7
What is the remainder when 200 is divided by 46?
16
Calculate the remainder when 242 is divided by 61.
59
What is the remainder when 766 is divided by 39?
25
What is the remainder when 1017 is divided by 211?
173
What is the remainder when 109 is divided by 15?
4
Calculate the remainder when 2163 is divided by 38.
35